1
In base 12, what is 3518 + 546a?
8986
In base 14, what is 5 + -2ad01d?
-2ad018
In base 10, what is 14316 - -1934?
16250
In base 9, what is -265 + -213173?
-213448
In base 12, what is -3 + 16ba864?
16ba861
In base 13, what is -822a16 - -13?
-822a03
In base 5, what is 14310000402 + 1?
14310000403
In base 2, what is 1000010010 + 10111000001111?
11000000100001
In base 5, what is -131304313313 + 2?
-131304313311
In base 5, what is 1443443034 - 41?
1443442443
In base 3, what is 100111011220201 + 22?
100111011221000
In base 6, what is 4 + 1051320140?
1051320144
In base 16, what is -29e671a - -9?
-29e6711
In base 3, what is 111102110201011200 - -12?
111102110201011212
In base 4, what is -100230113221 - -13?
-100230113202
In base 3, what is -2000101210 + 101?
-2000101102
In base 14, what is -2241da45 + 1?
-2241da44
In base 2, what is -110 - 1101111111000100011000?
-1101111111000100011110
In base 4, what is -102 + -1110211100?
-1110211202
In base 12, what is -2ab0b + b148?
-1b983
In base 10, what is 412 - 29637?
-29225
In base 16, what is -53 + 39a9?
3956
In base 11, what is -26498072 + 2?
-26498070
In base 7, what is 25620 - 263636?
-235016
In base 16, what is -77663 - -7c?
-775e7
In base 15, what is 144aa + 260?
1471a
In base 15, what is -cac23c + 0?
-cac23c
In base 7, what is 32252 + 11044?
43326
In base 8, what is 22 - 1312607?
-1312565
In base 5, what is 141114104130 + -11?
141114104114
In base 4, what is -102 + -1302133312103?
-1302133312211
In base 8, what is -14 - -261121762?
261121746
In base 5, what is 43421 - -411433?
1010404
In base 4, what is 1032022 + -201203?
230213
In base 16, what is -5 + 462269?
462264
In base 5, what is -12322043 + 431?
-12321112
In base 11, what is -120 + 157790?
157670
In base 15, what is 8c - 350ea?
-3505d
In base 11, what is 57 + -65a007?
-659a60
In base 14, what is -5 - -5cb588?
5cb583
In base 12, what is -4194b32 + 4?
-4194b2a
In base 2, what is -100001001 - 1100101001011101?
-1100101101100110
In base 2, what is 1010111010111010010101011111 - -100?
1010111010111010010101100011
In base 4, what is -1012 - 3222100212?
-3222101230
In base 9, what is -1306648 + -274?
-1307033
In base 14, what is -138a + 12d8?
-92
In base 12, what is -8857a873 - 3?
-8857a876
In base 2, what is 100001110000110111000 - 1001110111?
100001101111101000001
In base 6, what is 1 - -24455342301?
24455342302
In base 13, what is -29c - 4481?
-4750
In base 14, what is 970548 - 67?
9704c1
In base 7, what is -25326 + 41?
-25255
In base 12, what is 1a82 - -15032?
16ab4
In base 7, what is -4 + 150066610?
150066603
In base 14, what is 13644d73 - 5?
13644d6c
In base 2, what is -1 + 1010000011100001100001?
1010000011100001100000
In base 10, what is -256 - -2095?
1839
In base 15, what is -1abc98e + 12?
-1abc97c
In base 6, what is 10003120 + 2213?
10005333
In base 4, what is 11022031003 + -102?
11022030301
In base 12, what is 89 + -4830947?
-483087a
In base 14, what is -294c - -125d9?
da8b
In base 16, what is 68413 - e?
68405
In base 11, what is 1159843 - -69?
1159901
In base 7, what is -5 - 1342426560?
-1342426565
In base 15, what is 3614a - -34?
3617e
In base 8, what is 7031764 + -15?
7031747
In base 7, what is -321542 - -643?
-320566
In base 9, what is 11841054 + -2?
11841052
In base 8, what is 56011431 - 4?
56011425
In base 13, what is -3591 - 23b42?
-27403
In base 7, what is -52066 - 111416?
-163515
In base 3, what is 1201001 + -2001212211?
-2000011210
In base 11, what is a7a3a9 - -8?
a7a406
In base 2, what is -100 + 11110110000111111101010?
11110110000111111100110
In base 6, what is -21355332 + -110?
-21355442
In base 11, what is 10 - 221961?
-221951
In base 8, what is -1277242251 - -2?
-1277242247
In base 10, what is -88011995 - -5?
-88011990
In base 8, what is -1334011 - 2144?
-1336155
In base 14, what is 16 - -491251?
491267
In base 3, what is -210222 - -12210021110?
12202110111
In base 11, what is 8783322 - -5?
8783327
In base 5, what is -11240120010 + -4?
-11240120014
In base 8, what is 1042620 - 5?
1042613
In base 10, what is 377001 - 1?
377000
In base 15, what is -ea0389 - 9?
-ea0393
In base 9, what is 124 - 8237516?
-8237382
In base 2, what is 11 - -1110110011100100001111100?
1110110011100100001111111
In base 2, what is -101110010010110001011000010 + 100?
-101110010010110001010111110
In base 8, what is -225 - 10313?
-10540
In base 3, what is -22 + 102021222102212000?
102021222102211201
In base 7, what is -15646463 + -12?
-15646505
In base 13, what is 1aa + -2273b7?
-22720a
In base 16, what is 4 - a87989?
-a87985
In base 3, what is -10220002111202122 - -2?
-10220002111202120
In base 7, what is -13232 - -13114?
-115
In base 14, what is -10da45 + -8?
-10da4d
In base 3, what is 10020121 + -11210120?
-1112222
In base 14, what is 8 + 462b7a3?
462b7ab
In base 4, what is 11 + 12221020111310?
12221020111321
In base 3, what is -1102100020 - -11021012?
-1021002001
In base 8, what is 4765230 + 16?
4765246
In base 8, what is -71 - 5333226?
-5333317
In base 16, what is -182e60 + 6?
-182e5a
In base 4, what is 23011111 - 1011323?
21333122
In base 3, what is 120200200110 + 2110?
120200202220
In base 9, what is -1 - -30462648?
30462647
In base 7, what is 155512 - -3244?
162056
In base 9, what is 3 - 357462671?
-357462667
In base 6, what is -4 - 5551422254?
-5551422302
In base 13, what is -762b - -52b9?
-2342
In base 15, what is -3 + -1a3a342?
-1a3a345
In base 11, what is 858400 + 8?
858408
In base 12, what is 5 + 2476ab?
2476b4
In base 4, what is 3 + -32321121032?
-32321121023
In base 7, what is -305346322 + -3?
-305346325
In base 10, what is -3 + -5935180?
-5935183
In base 6, what is -1 - 30145050142?
-30145050143
In base 13, what is 8cc02137 + 3?
8cc0213a
In base 16, what is -1d1c0 - -cf5?
-1c4cb
In base 2, what is 11010100 - -110101101010010111?
110101101101101011
In base 6, what is 3 - -4452050501?
4452050504
In base 9, what is 23562 + -873?
22578
In base 14, what is 8 - 661020?
-661016
In base 12, what is -6 + -5900312?
-5900318
In base 16, what is -8 - 376ba1?
-376ba9
In base 16, what is ab08a4 + 7?
ab08ab
In base 16, what is -9d - -3413b?
3409e
In base 5, what is -3 - 2102320420?
-2102320423
In base 4, what is -31 - -11021313?
11021222
In base 10, what is 1269581 - 1?
1269580
In base 8, what is 3265 - 31266?
-26001
In base 12, what is 0 - 265543b2?
-265543b2
In base 3, what is -1212021122020 - -200?
-1212021121120
In base 10, what is 32 + -212569?
-212537
In base 2, what is 0 - 111001010101001110010010?
-111001010101001110010010
In base 3, what is -1 + -102200222211221?
-102200222211222
In base 8, what is -153170447 + 5?
-153170442
In base 5, what is 1204 - 3122412?
-3121203
In base 3, what is 22122 + -20201010?
-20101111
In base 5, what is -42121224141 - 24?
-42121224220
In base 14, what is 29 - -70a90?
70ab9
In base 14, what is -1dd69d1 - -2?
-1dd69cd
In base 13, what is -252559ac + 1?
-252559ab
In base 3, what is 12021111122010 + 22?
12021111122102
In base 4, what is 0 - -12030110221?
12030110221
In base 16, what is 2 + 10806c6?
10806c8
In base 3, what is -102020121110 - 2121?
-102020201001
In base 2, what is 11010000101100100010011000 + 1?
11010000101100100010011001
In base 15, what is -35 + -6c1?
-706
In base 5, what is 130 - 2431232331?
-2431232201
In base 16, what is 2 - 9096c4f?
-9096c4d
In base 15, what is -26924 - -7e?
-26895
In base 5, what is -23 - -1103320220?
1103320142
In base 5, what is 2012 - 414233040?
-414231023
In base 4, what is 131130320 - -211311?
132002231
In base 5, what is -102432 + 401122?
243140
In base 9, what is 577 + 11202?
11780
In base 14, what is 27 + -daad61?
-daad38
In base 10, what is -3971328 + 1?
-3971327
In base 9, what is -507221 + -8?
-507230
In base 11, what is -3910 + -382?
-4192
In base 16, what is -7bb - 7585?
-7d40
In base 9, what is 166 - -3011167?
3011344
In base 6, what is 422433054 + 4?
422433102
In base 11, what is -37a + 97994?
97615
In base 9, what is -818 - -8147?
7228
In base 14, what is 10 + -3bc54?
-3bc44
In base 2, what is -1011110000011101000100 - -100?
-1011110000011101000000
In base 10, what is 89 - 614?
-525
In base 6, what is -3 + -35502353342?
-35502353345
In base 2, what is 10111000101000 - -1110110111111?
100101111100111
In base 8, what is -55 - 250271?
-250346
In base 4, what is